{"id":28,"date":"2008-08-05T09:41:22","date_gmt":"2008-08-05T07:41:22","guid":{"rendered":"http:\/\/www.tilt.it\/wordpress\/?page_id=28"},"modified":"2016-07-03T23:06:00","modified_gmt":"2016-07-03T21:06:00","slug":"storia","status":"publish","type":"page","link":"https:\/\/www.tilt.it\/flipper_pinball\/storia\/","title":{"rendered":"Storia"},"content":{"rendered":"<div class=\"translate_block\" style=\"display: none;\">\n<a class=\"translate_translate\" id=\"translate_button_post-28\" lang=\"en\" xml:lang=\"en\" href=\"javascript:show_translate_popup('en', 'post', 28);\">[Translate]<\/a><img src=\"https:\/\/www.tilt.it\/flipper_pinball\/wp-content\/plugins\/google-ajax-translation\/transparent.gif\" id=\"translate_loading_post-28\" class=\"translate_loading\" style=\"display: none;\" width=\"16\" height=\"16\" alt=\"\" \/>\n<\/div>\n<div id=\"content_div-28\">\n<h1>TILT.it!<\/h1>\n<h2>&#8230;dalle origini ad oggi <\/h2>\n<p><strong>TILT.it<\/strong> \u00e8 in realt\u00e0 la quarta iterazione di una risorsa in rete dedicata agli apparecchi da intrattenimento automatici. La prima   incarnazione divenne realt\u00e0 nel 1992 su Fidonet, un network amatoriale   nato diversi anni prima. Molti di voi non erano sicuramente &#8216;on-line&#8217;   in quegli anni, visto che il concetto di internet non aveva ancora preso  piede, ma &#8216;collegarsi&#8217; aveva un significato ben diverso, all&#8217;epoca.   Se si voleva condividere informazioni con altri, non si disegnava un   sito web, ma si creava una BBS (era un&#8217;epoca in cui i modem a 9600   erano considerati veloci come fulmini!). Questo limitava il bacino di   utenza a visitatori provenienti dalla vostra stessa area telefonica   (e, qualche volta, a qualche visitatore in interurbana). TILT nacque   come area di discussione (conosciuta prima come flipper.400, poi flipper.332,   infine flipper.ita) su tutto quello che riguardava i flippers: segnalazioni   di nuovi apparecchi, regole di gioco, records, ecc.   Nb:i messaggi che circolarono in questa fase sono tutti disponibili nel <a href=\"http:\/\/www.tilt.it\/cd.htm\" target=\"top\">cd   di TILT<\/a>.  Passiamo al 1994. Ecco la mia prima connessione internet (grazie a Riccardo  Pizzi, ora webmaster di <a href=\"http:\/\/www.vecchiflipper.it\/\">vecchiflipper.it<\/a>),  il mio primo indirizzo email, la scoperta dei newsgroup internazionali, i primi siti   da visitare, quasi tutti americani.   Nasce cos\u00ec l&#8217;idea di mettere on-line l&#8217;elenco della mia collezione di materiale   cartaceo, depliants, ma anche manuali, schemi elettrici, e altro. Su consiglio   di molti, digitalizzai anche diverse immagini dei depliants pi\u00f9 rari,   le foto pi\u00f9 curiose, gli articoli che avevo scritto collaborando a   diverse riviste di collezionisti, italiane e straniere. La prima   cosa del genere in Italia.  &#8230;perch\u00e9 l&#8217;ho fatto (e qualche volta me lo chiedo anch&#8217;io) ?  Principalmente perch\u00e9 all&#8217;epoca, quando ancora eBay USA non aveva compiuto   un anno di vita, si viveva di scambi continui tra collezionisti,per quanto   riguarda depliants, libri, manuali, schemi elettrici, e   questo rendeva necessario un metodo per rendere sempre disponibile   la versione pi\u00f9 aggiornata della lista della collezione. Invece che   spedire il tutto agli interessati, ogni volta che c&#8217;e&#8217; una aggiunta   o una variazione, renderlo disponibile on-line significa che   chiunque puo&#8217; consultare la lista quando vuole, con la sicurezza di   avere sottomano l&#8217;ultimo aggiornamento disponibile della stessa.  Il grande interesse dei collezionisti stranieri alle macchine italiane,   o a quelle americane ma costruite appositamente per l&#8217;Italia, fece   il resto, spingendomi ad includere articoli specialistici e   immagini relative. Questo materiale, di cui buona parte esclusivo   di TILT ancora oggi, fece salire il numero di visite e il sito divenne   punto di riferimento per gli appassionati italiani, e non solo.  In quegli anni, non contava piu&#8217; di tanto l&#8217;apparenza estetica del   sito, ma i contenuti, anche perch\u00e8 non tutti i browsers erano in   grado di visualizzare correttamente le sezioni puramente grafiche.  Nel 1995 ho registrato il dominio www.TILT.it, specchio della   associazione no-profit fondata l&#8217;anno precedente   insieme ad altri appassionati.  Nel novembre del 1996 part\u00ec un&#8217;idea &#8211; un&#8217;idea che ancora oggi ho   visto pochi seguire. Volevo mettere in linea informazioni riservate,   difficili da reperire, cose che solo chi aveva visitato le fabbriche   di flipper in USA o esplorato vecchi magazzini pieni di apparecchi   dimenticati poteva eseguire; cio\u00e8, il mettere periodicamente foto   rare, immagini di prototipi, ecc. Nacque cosi&#8217; la sezione   &#8220;<a href=\"..\/..\/xfiles.htm\" target=\"top\">X-Files<\/a>&#8220;,   insieme a quello che poi divent\u00f2 il capitolo &#8220;<a href=\"..\/..\/misc.htm\" target=\"top\">Bonus<\/a>&#8220;.  Nei primi anni del nuovo millennio, la situazione collezionistica anche   italiana si e&#8217; decisamente evoluta. Decine di nuovi navigatori si   affacciano su internet, e altri collezionisti aprono finalmente i   loro siti (controllate la sezione &#8220;<a href=\"http:\/\/pub49.bravenet.com\/freelink\/show.php?usernum=4127705136&amp;cpv=1\" target=\"top\">i tuoi links<\/a>&#8220;). TILT non e&#8217; piu&#8217; solo! A questo punto, con l&#8217;aiuto di   nuovi appassionati, TILT si rinnova, e concede spazio anche all&#8217;estetica,   alla riorganizzazione dei contenuti (grazie al provvidenziale intervento di Piero Cavina).   Non pi\u00f9 solo articoli da leggere, foto da visionare, senza la possibilit\u00e0 di contribuire; ma anche   una vivace <a href=\"..\/..\/mlist.htm\">mailing-list<\/a> dove si discute delle ultime scoperte, degli   ultimi acquisti, della possibilit\u00e0 di organizzare scambi e altre   iniziative.  Dopo tutto questo tempo &#8220;<a href=\"..\/..\/xfiles.htm\" target=\"top\">X-Files<\/a>&#8221; riceve ancora decine di visite, e   gli aggiornamenti alla nuova sezione &#8220;<a href=\"..\/..\/misc.htm\" target=\"top\">Bonus<\/a>&#8220;, che periodicamente mostra   curiosit\u00e0 e stranezze dell&#8217;automatico, sono tra i pi\u00f9 attesi del sito.  Per la cronaca, il primo &#8220;<a href=\"..\/..\/misc.htm\" target=\"top\">Bonus<\/a>&#8221; fu la famosa immagine di una birreria-flipper   vicino Vicenza, il &#8220;<a href=\"..\/..\/pics\/misc\/flipphouse.jpg\" target=\"top\" data-rel=\"lightbox-image-0\" data-rl_title=\"\" data-rl_caption=\"\" title=\"\">Flipper Pub<\/a>&#8220;. Ancora oggi ricevo email di richiesta   di informazioni su quel locale.  Dopo ormai 7 anni di vita (al momento di scrivere queste righe), cosa   ha in serbo il futuro per TILT? Chi pu\u00f2 dirlo. Penso continuer\u00f2 a   mettere online immagini rare, i nuovi depliants che entrano a far parte della   collezione, e rispetto all&#8217;ormai lontano 1995 \u00e8 ormai normale rendere disponibili   filmati, files audio, e immagini decisamente pi\u00f9 definite, mentre all&#8217;epoca, un   jpg di 40kb era considerato decisamente lungo da scaricare. Alcune   delle immagini pi\u00f9 vecchie di TILT sono ancora di dimensione e qualita&#8217; inferiore,   perch\u00e9 inserite in quei primi anni.  Il sito pu\u00f2 essere complicato ed impegnativo da mantenere, a volte, ma   \u00e8 sempre un lavoro piacevole, per chi \u00e8 affezionato agli apparecchi di cui   tratta; come me, ma anche come voi che leggete.  Colgo l&#8217;occasione per ringraziare tutti quelli che hanno aiutato me   e il sito in questi anni. Gestire TILT \u00e8 stato immensamente gratificante. Ho conosciuto tante stupende persone che condividono la mia   stessa passione. Non sarei mai riuscito a migliorare la mia  conoscenza degli apparecchi a moneta, se non fosse stato per i continui scambi di messaggi con tutti voi!<\/p>\n<h3><em>Grazie<\/em>,<\/h3>\n<p><br \/>\n<br \/>\n<img loading=\"lazy\" decoding=\"async\" src=\"http:\/\/www.tilt.it\/pics\/misc\/wiz.jpg\" alt=\"wiz\" width=\"230\" height=\"200\" \/> <strong>Federico Croci<\/strong> Agosto, 2002<\/p>\n<p>Aggiornamento: Tilt.it si evolve, e dopo altri sei anni, diventa qualcosa di simile ad un blog, molto piu&#8217; maneggevole e facile da aggiornare; tutto questo grazie al provvidenziale intervento di Max Negro!<br \/>\n<br \/>\nAgosto, 2008<\/p>\n<\/div>","protected":false},"excerpt":{"rendered":"<p>[Translate] TILT.it! &#8230;dalle origini ad oggi TILT.it \u00e8 in realt\u00e0 la quarta iterazione di una risorsa in rete dedicata agli apparecchi da intrattenimento automatici. La prima incarnazione divenne realt\u00e0 nel 1992 su Fidonet, un network<a class=\"read-more\" href=\"https:\/\/www.tilt.it\/flipper_pinball\/storia\/\">Continua la lettura<\/a><\/p>\n","protected":false},"author":3,"featured_media":0,"parent":0,"menu_order":3,"comment_status":"closed","ping_status":"open","template":"","meta":{"ngg_post_thumbnail":0,"footnotes":""},"class_list":["post-28","page","type-page","status-publish","hentry"],"jetpack_sharing_enabled":true,"jetpack_shortlink":"https:\/\/wp.me\/P4PHlc-s","jetpack_likes_enabled":true,"_links":{"self":[{"href":"https:\/\/www.tilt.it\/flipper_pinball\/wp-json\/wp\/v2\/pages\/28","targetHints":{"allow":["GET"]}}],"collection":[{"href":"https:\/\/www.tilt.it\/flipper_pinball\/wp-json\/wp\/v2\/pages"}],"about":[{"href":"https:\/\/www.tilt.it\/flipper_pinball\/wp-json\/wp\/v2\/types\/page"}],"author":[{"embeddable":true,"href":"https:\/\/www.tilt.it\/flipper_pinball\/wp-json\/wp\/v2\/users\/3"}],"replies":[{"embeddable":true,"href":"https:\/\/www.tilt.it\/flipper_pinball\/wp-json\/wp\/v2\/comments?post=28"}],"version-history":[{"count":1,"href":"https:\/\/www.tilt.it\/flipper_pinball\/wp-json\/wp\/v2\/pages\/28\/revisions"}],"predecessor-version":[{"id":9694,"href":"https:\/\/www.tilt.it\/flipper_pinball\/wp-json\/wp\/v2\/pages\/28\/revisions\/9694"}],"wp:attachment":[{"href":"https:\/\/www.tilt.it\/flipper_pinball\/wp-json\/wp\/v2\/media?parent=28"}],"curies":[{"name":"wp","href":"https:\/\/api.w.org\/{rel}","templated":true}]}}